t is 21a9 (base 13) in base 12?
287a
What is -8370 (base 10) in base 8?
-20262
What is 1011101100110110 (base 2) in base 13?
18a78
Convert -13520 (base 9) to base 12.
-5383
What is 21201303 (base 4) in base 3?
1222112110
-db6 (base 16) to base 3
-11211000
Convert -2226 (base 16) to base 2.
-10001000100110
Convert -2306 (base 7) to base 8.
-1507
Convert -10b (base 12) to base 15.
-a5
Convert 191 (base 10) to base 3.
21002
-101010111101 (base 2) to base 4
-222331
Convert -331312 (base 4) to base 7.
-14353
34454 (base 6) to base 12
2a2a
Convert 14767 (base 8) to base 4.
1213313
What is 5 (base 9) in base 8?
5
What is -138 (base 16) in base 2?
-100111000
Convert -752 (base 14) to base 3.
-1222111
2422 (base 5) to base 6
1402
What is -3014 (base 13) in base 10?
-6608
What is 21111130 (base 4) in base 2?
1001010101011100
What is -1000122021 (base 3) in base 11?
-14158
-26582 (base 9) to base 10
-17975
Convert 443 (base 5) to base 2.
1111011
Convert 13221300 (base 4) to base 15.
9449
Convert 2313133 (base 4) to base 14.
43cb
-110001101101010 (base 2) to base 4
-12031222
What is -6264 (base 10) in base 9?
-8530
Convert 220101 (base 4) to base 10.
2577
Convert -11365 (base 10) to base 14.
-41db
Convert 2531 (base 8) to base 9.
1781
332 (base 4) to base 3
2022
-3514 (base 10) to base 12
-204a
Convert 322213 (base 4) to base 11.
2900
Convert 211020120 (base 3) to base 2.
11111101010111
Convert -158 (base 13) to base 7.
-464
What is -2100302 (base 4) in base 10?
-9266
Convert 26744 (base 8) to base 10.
11748
What is -24808 (base 9) in base 3?
-211220022
What is -24041 (base 5) in base 10?
-1771
Convert -1544 (base 8) to base 4.
-31210
What is 2 (base 14) in base 2?
10
Convert -30232 (base 5) to base 10.
-1942
Convert 762 (base 13) to base 11.
a49
Convert 1087 (base 10) to base 6.
5011
-1003013 (base 4) to base 15
-1415
What is -11ad (base 15) in base 11?
-2911
What is -2001202 (base 3) in base 10?
-1505
Convert 6661 (base 7) to base 11.
1888
-80d7 (base 14) to base 11
-156a9
Convert -3902 (base 10) to base 16.
-f3e
What is -6356 (base 10) in base 2?
-1100011010100
-3114 (base 5) to base 11
-342
Convert -10211212201 (base 3) to base 11.
-51993
-251d (base 14) to base 9
-8816
10022430 (base 5) to base 9
131340
Convert -13773 (base 8) to base 2.
-1011111111011
What is 78 (base 15) in base 11?
a3
-2622 (base 7) to base 13
-5b8
Convert -1c6c (base 14) to base 15.
-1812
363 (base 12) to base 9
623
-44223 (base 6) to base 9
-8366
-1059 (base 10) to base 12
-743
What is -76b (base 13) in base 11?
-a57
What is 110000110001 (base 2) in base 16?
c31
What is -1432 (base 5) in base 7?
-464
22202 (base 3) to base 10
236
133121 (base 4) to base 9
2672
11330203 (base 4) to base 2
101111100100011
-101265 (base 7) to base 9
-25646
-1121110 (base 3) to base 4
-102111
Convert -7182 (base 11) to base 16.
-2538
-c72 (base 13) to base 7
-6120
What is 2570 (base 16) in base 15?
2c8e
3a4 (base 15) to base 2
1100111101
What is 131442 (base 5) in base 7?
21204
What is 135 (base 7) in base 10?
75
Convert 9bb (base 14) to base 4.
132021
What is -210101 (base 4) in base 15?
-a4b
Convert -10111010 (base 2) to base 12.
-136
What is 11101100011 (base 2) in base 16?
763
-a582 (base 14) to base 6
-340034
2214 (base 7) to base 9
1073
620 (base 8) to base 9
484
Convert -14435 (base 13) to base 5.
-2204234
21412 (base 5) to base 14
77c
-10b0 (base 13) to base 9
-3180
Convert -98 (base 12) to base 16.
-74
-320201 (base 4) to base 12
-2115
Convert -15302 (base 11) to base 15.
-6641
-101101101 (base 2) to base 11
-302
Convert 4c8 (base 15) to base 6.
5012
Convert -231242 (base 7) to base 9.
-62565
21555 (base 10) to base 2
101010000110011
What is -7259 (base 16) in base 6?
-343305
-8201 (base 9) to base 8
-13553
What is -224444 (base 5) in base 2?
-1111110111100
What is -702 (base 12) in base 14?
-522
Convert -131233 (base 4) to base 15.
-86d
What is 11232323 (base 4) in base 11?
16709
-1241444 (base 5) to base 13
-b292
306 (base 14) to base 11
4a0
Convert -74a (base 14) to base 7.
-4123
Convert a20 (base 12) to base 7.
4161
What is 22202020 (base 3) in base 13?
2b98
What is 3342 (base 7) in base 9?
1580
533 (base 9) to base 5
3220
-53 (base 13) to base 12
-58
What is 75332 (base 8) in base 5?
2001300
What is -100 (base 15) in base 9?
-270
What is -21326 (base 8) in base 6?
-105142
2527 (base 10) to base 12
1567
1b2 (base 12) to base 5
2103
Convert -345 (base 8) to base 9.
-274
What is -20053 (base 6) in base 10?
-2625
123003 (base 4) to base 16
6c3
Convert 200000221 (base 3) to base 8.
31533
Convert -4051 (base 9) to base 2.
-101110010010
Convert -2a5a (base 15) to base 13.
-419b
409 (base 14) to base 8
1431
What is -459a (base 16) in base 14?
-66ca
-32404 (base 5) to base 4
-202311
Convert -1241 (base 7) to base 8.
-726
-50253 (base 6) to base 8
-14671
Convert -4b (base 15) to base 14.
-51
-1364 (base 8) to base 9
-1030
-4133200 (base 5) to base 2
-10000100101010101
-55 (base 12) to base 14
-49
What is -211221 (base 3) in base 14?
-323
Convert 11a9 (base 13) to base 9.
3383
What is 1662 (base 16) in base 3?
21212020
What is 215 (base 14) in base 15?
1c6
What is 110032 (base 4) in base 8?
2416
Convert 9c15 (base 15) to base 3.
1200101202
-16b27 (base 13) to base 15
-cde0
-652 (base 8) to base 5
-3201
-110 (base 6) to base 2
-101010
-4140 (base 12) to base 11
-5379
1100111001011 (base 2) to base 11
4a63
What is -25a (base 15) in base 9?
-654
Convert -6547 (base 15) to base 10.
-21442
Convert -201101 (base 3) to base 7.
-1345
Convert 370b (base 12) to base 11.
472a
What is 102450 (base 6) in base 13?
3a7a
Convert 111440 (base 5) to base 3.
12110222
-1320030 (base 4) to base 8
-17014
Convert 70a4 (base 11) to base 10.
9431
Convert -3234341 (base 5) to base 12.
-28210
Convert 6545 (base 9) to base 13.
226a
326 (base 14) to base 16
26e
34342 (base 5) to base 10
2472
Convert -660 (base 9) to base 15.
-260
Convert -1220000 (base 3) to base 6.
-10213
-1217 (base 14) to base 16
-c55
What is 450 (base 8) in base 13?
19a
What is -709 (base 13) in base 12?
-834
What is 14123 (base 6) in base 15?
9c6
782 (base 10) to base 14
3dc
Convert 11255 (base 6) to base 9.
2188
-514 (base 6) to base 3
-21001
13 (base 16) to base 9
21
What is 101221 (base 3) in base 10?
295
347 (base 8) to base 7
450
What is -54 (base 14) in base 2?
-1001010
Convert 678 (base 15) to base 16.
5b7
50031 (base 6) to base 11
4979
What is -130242 (base 7) in base 14?
-8b22
What is -3079 (base 12) in base 16?
-149d
1434132 (base 5) to base 4
13131032
5710 (base 8) to base 7
11536
What is 103 (base 8) in base 11?
61
What is 103 (base 16) in base 2?
100000011
13 (base 12) to base 5
30
Convert 19b (base 12) to base 16.
107
Convert 501 (base 13) to base 7.
2316
Convert 133464 (base 7) to base 9.
37610
-31000 (base 5) to base 8
-3720
Convert 3156 (base 7) to base 6.
5103
6226 (base 7) to base 16
880
Convert -11500 (base 7) to base 8.
-5655
2938 (base 10) to base 15
d0d
Convert -13022 (base 4) to base 15.
-208
Convert 47c (base 15) to base 8.
1771
What is -1155 (base 13) in base 10?
-2436
-2241 (base 15) to base 6
-53341
-6e5 (base 16) to base 12
-1031
Convert 13303132 (base 4) to base 14.
b914
What is 2033 (base 6) in base 9?
553
What is -1011111 (base 2) in base 13?
-74
Convert -7a (base 13) to base 12.
-85
What is 48 (base 13) in base 4?
330
What is 4955 (base 11) in base 10?
6473
What is 111111001 (base 2) in base 3?
200201
-610 (base 7) to base 6
-1221
Convert 122121111 (base 3) to base 12.
751a
Convert 30010 (base 4) to base 5.
11042
Convert -448 (base 15) to base 13.
-596
Convert 11021 (base 3) to base 9.
137
bd (base 15) to base 13
109
Convert -1539 (base 11) to base 7.
-5524
What is -111440 (base 5) in base 7?
-14435
1913 (base 10) to base 16
779
What is -23b (base 14) in base 15?
-1ea
Convert 111101010 (base 2) to base 16.
1ea
3300 (base 11) to base 6
32100
What is -1a25 (base 12) in base 5?
-100242
270 (base 12) to base 4
11310
What is 4224 (base 5) in base 12?
3b0
Convert -1221112 (base 3) to base 16.
-58a
23743 (base 8) to base 4
2133203
What is -122030 (base 4) in base 7?
-4613
What is -103031 (base 5) in base 11?
-2707
1c8 (base 15) to base 7
1130
What is 3328 (base 11) in base 3?
20000110
Convert 233121 (base 4) to base 3.
110